the hundreds digit of 1519?
5
What is the tens digit of 1264?
6
What is the hundreds digit of 15887?
8
What is the hundred thousands digit of 142621?
1
What is the units digit of 12933?
3
What is the units digit of 4847?
7
What is the thousands digit of 1886?
1
What is the units digit of 236?
6
What is the units digit of 14043?
3
What is the thousands digit of 36448?
6
What is the thousands digit of 11120?
1
What is the ten thousands digit of 16646?
1
What is the tens digit of 93333?
3
What is the thousands digit of 2473?
2
What is the units digit of 37008?
8
What is the units digit of 14525?
5
What is the thousands digit of 7483?
7
What is the hundreds digit of 9809?
8
What is the tens digit of 83361?
6
What is the tens digit of 37066?
6
What is the units digit of 2300?
0
What is the tens digit of 641?
4
What is the hundreds digit of 61121?
1
What is the tens digit of 4727?
2
What is the tens digit of 13798?
9
What is the thousands digit of 1725?
1
What is the thousands digit of 1800?
1
What is the units digit of 7106?
6
What is the units digit of 4784?
4
What is the tens digit of 2411?
1
What is the tens digit of 4187?
8
What is the units digit of 22964?
4
What is the units digit of 1876?
6
What is the tens digit of 10230?
3
What is the hundreds digit of 52598?
5
What is the units digit of 3866?
6
What is the hundreds digit of 6207?
2
What is the thousands digit of 22472?
2
What is the thousands digit of 1593?
1
What is the units digit of 1388?
8
What is the tens digit of 2908?
0
What is the tens digit of 74728?
2
What is the ten thousands digit of 62298?
6
What is the units digit of 7561?
1
What is the units digit of 411?
1
What is the hundreds digit of 25239?
2
What is the tens digit of 5340?
4
What is the units digit of 30997?
7
What is the units digit of 3886?
6
What is the hundreds digit of 520?
5
What is the ten thousands digit of 50832?
5
What is the ten thousands digit of 66307?
6
What is the tens digit of 1614?
1
What is the tens digit of 24817?
1
What is the ten thousands digit of 33064?
3
What is the units digit of 3234?
4
What is the tens digit of 989?
8
What is the tens digit of 36326?
2
What is the units digit of 563?
3
What is the units digit of 14693?
3
What is the tens digit of 66801?
0
What is the ten thousands digit of 26664?
2
What is the tens digit of 2358?
5
What is the hundreds digit of 39551?
5
What is the units digit of 75?
5
What is the units digit of 12296?
6
What is the tens digit of 74554?
5
What is the hundreds digit of 1196?
1
What is the hundreds digit of 49662?
6
What is the thousands digit of 1971?
1
What is the tens digit of 916?
1
What is the units digit of 707?
7
What is the hundreds digit of 28227?
2
What is the tens digit of 73432?
3
What is the hundreds digit of 21555?
5
What is the units digit of 104908?
8
What is the units digit of 4863?
3
What is the units digit of 2?
2
What is the tens digit of 310?
1
What is the hundreds digit of 307?
3
What is the hundreds digit of 18965?
9
What is the hundreds digit of 4055?
0
What is the units digit of 427?
7
What is the units digit of 1855?
5
What is the ten thousands digit of 12446?
1
What is the units digit of 4709?
9
What is the units digit of 1790?
0
What is the tens digit of 2938?
3
What is the tens digit of 5262?
6
What is the ten thousands digit of 22590?
2
What is the thousands digit of 12319?
2
What is the thousands digit of 1461?
1
What is the thousands digit of 26382?
6
What is the tens digit of 12384?
8
What is the hundreds digit of 4118?
1
What is the tens digit of 43547?
4
What is the units digit of 210?
0
What is the tens digit of 992?
9
What is the thousands digit of 1446?
1
What is the hundreds digit of 973?
9
What is the tens digit of 149?
4
What is the tens digit of 1006?
0
What is the hundreds digit of 51849?
8
What is the thousands digit of 23973?
3
What is the tens digit of 2645?
4
What is the units digit of 16646?
6
What is the tens digit of 164?
6
What is the tens digit of 2418?
1
What is the tens digit of 3813?
1
What is the hundreds digit of 134300?
3
What is the thousands digit of 10286?
0
What is the tens digit of 165683?
8
What is the tens digit of 9226?
2
What is the tens digit of 97985?
8
What is the tens digit of 702?
0
What is the thousands digit of 1464?
1
What is the thousands digit of 1212?
1
What is the ten thousands digit of 85072?
8
What is the hundreds digit of 35534?
5
What is the tens digit of 1770?
7
What is the tens digit of 5092?
9
What is the units digit of 1559?
9
What is the ten thousands digit of 52321?
5
What is the thousands digit of 7117?
7
What is the tens digit of 1147?
4
What is the tens digit of 14021?
2
What is the units digit of 102307?
7
What is the tens digit of 588?
8
What is the hundreds digit of 32839?
8
What is the tens digit of 820?
2
What is the hundreds digit of 7315?
3
What is the hundreds digit of 6568?
5
What is the ten thousands digit of 12459?
1
What is the hundreds digit of 494?
4
What is the units digit of 128540?
0
What is the thousands digit of 3793?
3
What is the thousands digit of 136295?
6
What is the units digit of 20723?
3
What is the units digit of 1692?
2
What is the ten thousands digit of 43496?
4
What is the tens digit of 78742?
4
What is the thousands digit of 34161?
4
What is the tens digit of 2469?
6
What is the tens digit of 316?
1
What is the units digit of 20971?
1
What is the units digit of 6662?
2
What is the units digit of 8718?
8
What is the units digit of 5773?
3
What is the units digit of 43692?
2
What is the ten thousands digit of 20388?
2
What is the hundreds digit of 614?
6
What is the hundreds digit of 1211?
2
What is the units digit of 186441?
1
What is the hundreds digit of 144?
1
What is the tens digit of 809?
0
What is the hundreds digit of 16370?
3
What is the units digit of 1607?
7
What is the hundreds digit of 151636?
6
What is the units digit of 4773?
3
What is the tens digit of 7314?
1
What is the thousands digit of 13849?
3
What is the thousands digit of 159097?
9
What is the tens digit of 2291?
9
What is the ten thousands digit of 38540?
3
What is the thousands digit of 2176?
2
What is the tens digit of 4480?
8
What is the ten thousands digit of 60524?
6
What is the tens digit of 157?
5
What is the tens digit of 49100?
0
What is the tens digit of 1229?
2
What is the tens digit of 10144?
4
What is the units digit of 4395?
5
What is the hundred thousands digit of 123727?
1
What is the tens digit of 91?
9
What is the hundreds digit of 3632?
6
What is the thousands digit of 2958?
2
What is the tens digit of 416?
1
What is the units digit of 1001?
1
What is the units digit of 425?
5
What is the units digit of 152?
2
What is the units digit of 1553?
3
What is the hundreds digit of 40815?
8
What is the thousands digit of 25459?
5
What is the ten thousands digit of 21049?
2
What is the hundreds digit of 25643?
6
What is the thousands digit of 161544?
1
What is the tens digit of 2404?
0
What is the units digit of 5457?
7
What is the thousands digit of 80444?
0
What is the tens digit of 64838?
3
What is the tens digit of 408?
0
What is the hundreds digit of 1262?
2
What is the units digit of 261?
1
What is the hundreds digit of 622?
6
What is the hundreds digit of 991?
9
What is the tens digit of 124?
2
What is the thousands digit of 13694?
3
What is the thousands digit of 1192?
1
What is the units digit of 784?
4
What is the tens digit of 33083?
8
What is the hundreds digit of 3822?
8
What is the units digit of 156?
6
What is the ten thousands digit of 20242?
2
What is the units digit of 9274?
4
What is the thousands digit of 45236?
5
What is the hundreds digit of 3592?
5
What is the tens digit of 22309?
0
What is the units digit of 1591?
1
What is the units digit of 2482?
2
What is the hundreds digit of 28702?
7
What is the tens digit of 85782?
8
What is the units digit of 473?
3
What is the tens digit of 215?
1
What is the units digit of 94?
4
What is the tens digit of 8713?
1
What is the hundreds digit of 97998?
9
What is the tens digit of 66?
6
What is the ten thousands digit of 42916?
4
What is the units digit of 9999?
9
What is the units digit of 1833?
3
What is the units digit of 9592?
2
What is the units digit of 50688?
8
What is the tens digit o